= i*o(u) + 6*g(u). What is h(3)?
-3
Let t(b) = -4*b + 4. Let z(a) = -8*a + 9. Let j(l) = -5*t(l) + 2*z(l). What is j(2)?
6
Let w = -2 + 4. Suppose -3*u = -2*u - w. Let g(h) = -h**2 - h + 1. What is g(u)?
-5
Let g(b) = b**3 + 4*b**2 - 5*b - 3. Let s be 34/(-6) - 16/(-24). Determine g(s).
-3
Let u(x) = x**3 - 7*x**2 - x + 9. Suppose 81*a = 86*a - 35. What is u(a)?
2
Let o(c) = -c**2 + 9*c - 11. Let y be o(7). Let k(s) = -s + 4. Determine k(y).
1
Let g(a) = 9*a**2 - 5*a - 6*a**3 + 7*a**3 - 3*a**2. Determine g(-7).
-14
Let s(l) = l**3 - 4*l**2 + 3*l + 4. Suppose 8*q = q + 21. What is s(q)?
4
Let l(u) = 3*u**2 - 2*u + 3. Let b = 43 - 41. Determine l(b).
11
Let n be (-76)/(-28) - 4/(-14). Let d(g) = 0*g**2 + 1 + n*g**2 - 2*g**2 + g**3. Determine d(0).
1
Let b(z) = z + 9. Let n be b(-6). Let f(s) = s**3 - 3*s**2 - 2*s + 3. Determine f(n).
-3
Suppose 60 = 6*a - 0*a. Let z(f) = 2*f - 9*f**2 - 2*f + 1 + a*f**2. Determine z(0).
1
Let n(j) be the first derivative of -j**2 - 3*j - 20. Determine n(-3).
3
Let u(b) = -2*b**2 + 11*b + 5. Let w(m) = m**2 - m. Let q(z) = -u(z) - 4*w(z). Give q(-4).
-9
Let p(l) be the third derivative of l**4/24 + 4*l**3/3 - 7*l**2. Let z = -1 + 2. Suppose -3 = r + z. Determine p(r).
4
Let d = 6 - 6. Let z(x) = -3*x - 1. Let n(w) = 4*w + 1. Let b(g) = 4*n(g) + 5*z(g). Determine b(d).
-1
Let n(g) = -3*g**2. Let d(y) = 3*y + 4. Let z be d(-6). Let x = z + 13. Give n(x).
-3
Let l(k) be the first derivative of k**3/3 - 2. Calculate l(-3).
9
Let x(r) = r + 2. Suppose -l + q = 0, -2*l + 6*q - 2*q = -8. Let a be x(l). Let u(c) be the third derivative of c**4/24 + c**3/6 - 43*c**2. Determine u(a).
-1
Suppose -4*h = -d - 10, 5*h - 4*d = 6 + 12. Let n(a) = -4*a + a**3 + 0*a**h + 3 + 3*a**2 - 4 - 2. Determine n(-4).
-3
Suppose -o + 16 = o - 3*c, 0 = -3*c - 12. Let q(m) = -m + 2. Calculate q(o).
0
Let n(w) be the second derivative of 2*w**3/3 + 2*w. Let b be -1 - -2*2/1. Suppose j - 3*s + 11 = b*j, -4*j - 3*s + 7 = 0. Give n(j).
-8
Let t(v) = v**2 - 14*v + 11*v + 0*v**2 - 6. Give t(5).
4
Let a(i) = i**3 + 8*i**2 + 2*i + 18. Let r be a(-8). Let g(d) be the second derivative of -3/2*d**r + 2*d + 1/3*d**3 + 0. Give g(3).
3
Let o(x) = x**2 + 4*x - 3. Let v(m) = -m - 4. Let z be v(-4). Suppose -2*i + 6*i - 24 = z. Let g be 13/(-2) - i/(-4). Determine o(g).
2
Let a(h) = -2*h**2 - 5*h + 3. Let m(c) = -c**2. Let f(i) = 3*i**2 - 1. Let l(p) = -f(p) - 2*m(p). Let s(d) = -a(d) + 3*l(d). What is s(4)?
4
Suppose 0*z = 4*z - 20. Let s(h) = h**3 - 4*h**2 - 6*h - 7. Calculate s(z).
-12
Let r(x) = 25*x + 3. Let f(h) = 17*h + 2. Let v(i) = -7*f(i) + 5*r(i). Let u = 1 + 0. Determine v(u).
7
Let u(c) = 3*c**3 + 5*c**3 + c**3 + c - 3*c**2 - 1 - 10*c**3. Let z(r) = r - 14. Let y be z(11). What is u(y)?
-4
Let a(w) = -3*w**3 - 2*w**2 - 2*w - 1. Let o be a(-1). Let b(n) = 6*n**2 - 3*n + 6. Let z(l) = -5*l**2 + 3*l - 5. Let s(m) = 3*b(m) + 4*z(m). Give s(o).
-4
Let d(c) = 2*c + 1. Let y(k) = -18*k - 8. Let m(x) = -8*d(x) - y(x). Determine m(-5).
-10
Let m(l) = 3*l + 1. Let w be (1/(-1))/(5 - 4). Let z be 16/12 + w/3. Calculate m(z).
4
Suppose d = -3*d + 5*h + 68, 2*d + 5*h - 4 = 0. Let c = d + -7. Let u(n) be the third derivative of -n**4/24 + n**3/3 - n**2. Calculate u(c).
-3
Let p be 40/(-4)*3/(-6). Suppose -s + p = 2. Let w(m) = -2*m + 3*m**2 + 2 - m**3 + 0*m**2 - 4. Calculate w(s).
-8
Let a(r) be the first derivative of r**3/3 + 8*r - 2. Let f(g) = -g - 4. Let t be f(-4). Let z = t + 0. Determine a(z).
8
Let m be (-28)/(-42) + 14/(-24). Let j(w) be the third derivative of 0 + 1/20*w**5 + w**2 - 1/6*w**3 + 0*w - m*w**4. Determine j(2).
7
Let i(a) = -3*a - 1. Let p(q) be the first derivative of -3*q**2 - 3*q + 7. Let x(z) = 5*i(z) - 2*p(z). Suppose 0 = 2*d + 3 + 1. Give x(d).
7
Let q = -2 + 1. Let o be q + -5*(4 + -3). Let r(p) = -p**2 - 6*p - 2. Determine r(o).
-2
Let a be -18*1/(-4)*2*-1. Let k(o) = -o**3 - 8*o**2 + 9*o + 8. Calculate k(a).
8
Suppose -8 = -44*r + 42*r. Let h(j) = j + 1. Determine h(r).
5
Suppose 3*g = 2*g + 19. Let n = g + -16. Let p(b) = -b**3 + 5*b**2 - 3*b - 1. Give p(n).
8
Let h(k) = k**3 + 13*k**2 + 3. Let c be h(-13). Let y(n) = -10*n**2 + 12*n - 12. Let g(r) = -3*r**2 + 4*r - 4. Let z(w) = 7*g(w) - 2*y(w). Determine z(c).
-1
Let f(u) = -u + 1. Let k be f(5). Let b(p) = -3*p + 4. Let r(x) = -13 + 5*x - 2*x + 4*x + 5. Let c(y) = k*r(y) - 9*b(y). What is c(-3)?
-1
Let y(r) = -4*r**2 - 10*r. Let l(i) = 3*i**2 + 10*i - 1. Let u(a) = -5*l(a) - 4*y(a). Give u(9).
-4
Let n(p) = p**2 - p - 4. Let h be n(3). Let r(v) = h*v**2 - v**3 - 1 - 2*v**2 + 5*v**2 - 2*v**2. What is r(2)?
3
Let o(t) = t**2 + 3*t - 7. Let b be 2 + (-18)/4*-2. Let v = b + -16. Give o(v).
3
Let w(s) = 3*s**2 + 19*s + 6 + 2*s**3 - 4*s + 0*s. Let x = 3 + -10. Let o(f) = -f**3 - f**2 - 8*f - 3. Let k(d) = x*o(d) - 4*w(d). What is k(-4)?
-3
Let k(f) = -f**2 + 3*f + 3. Suppose 0*w + 2*w - 10 = 0. Suppose 3*o - 2*m + w = 6*o, 4 = -2*o - 5*m. Give k(o).
3
Let f(i) = 7*i**3 - 7*i + 1. Let b(r) = -20*r**3 + 20*r - 3. Let s(j) = 6*b(j) + 17*f(j). Let h = -7 + 5. Give s(h).
5
Let m be ((-1)/(1 - 2))/(-1). Let b = 13 + -10. Let f(u) = 1 - b*u - 4*u**2 + 3*u. Give f(m).
-3
Let i(q) = 0*q**2 - 8 + q**3 + 0*q**2 - 7*q**2 + 6*q. Let h = 19 - 13. Give i(h).
-8
Let a(o) = 3*o - 9. Let g be a(4). Let u be g/3*-2 - 0. Let j(z) = z**2 + 6*z + 3. Calculate j(u).
-5
Let b(s) = -7*s**2 + 13*s + 7. Let r(u) = -4*u**2 + 7*u + 3. Let j(k) = -3*b(k) + 5*r(k). What is j(5)?
-1
Let h(k) = k**2 - k + k**3 + 0*k**3 - 3*k**3. Suppose 0 = -5*w, 0 = -c + w - 5*w. Suppose -4*z + c*z + 4 = 0. Determine h(z).
-2
Let c(a) be the first derivative of a**5/60 - a**4/4 + 2*a**3/3 + 5*a**2/2 + 5. Let o(b) be the second derivative of c(b). Calculate o(6).
4
Let i(j) be the second derivative of j**5/60 + j**4/4 - j**3/6 + j. Let b(z) be the second derivative of i(z). What is b(-6)?
-6
Let y be 36/45 - 3/4. Let b(u) be the second derivative of -u + 2*u**2 + 0 + 5/6*u**3 + y*u**5 + 1/3*u**4. Determine b(-3).
-2
Let s be -1 + -1*(3 - 3). Let i(o) = -4*o**2 - o - 1. Calculate i(s).
-4
Let s(x) = -5*x**2 - 8*x - 4. Let y = -5 - -1. Let k(o) = -11*o**2 - 17*o - 9. Let r(f) = y*k(f) + 9*s(f). Calculate r(-5).
-5
Let r(u) = -u**2 + 5*u + 6. Let k be -1 - (-15)/(-6)*-10. Suppose 5*c = 6 + k. Determine r(c).
0
Let s(g) = -g - 2. Suppose -18 = 4*h - h. Suppose k + 1 + 3 = 3*d, 0 = 3*d - 3*k. Let y be -1*7 - h/d. Give s(y).
2
Let p(s) = s**3 + 7*s**2 + 8*s + 8. Let x be 6/4 + 15/(-2). Determine p(x).
-4
Suppose -3*c + 5 - 2 = 0. Let q(k) = -5*k**2 + c + 2*k**2 + k + 4*k**2. Let w be 1/(-2 + 1) + 1. What is q(w)?
1
Let d = -4 + 5. Let k(z) = -2 - z + 14*z**2 - d - 9*z**2 + z**3. Give k(-5).
2
Let d(r) = -r**3 + 6*r**2 - 3*r - 5. Let y = -4 - -6. Let f be y - (-1*2 - 1). Calculate d(f).
5
Suppose j + 8 = -4*t, -4*t = 5*j - t + 40. Let d = j + 7. Let b(u) be the third derivative of -u**6/15 - u**5/60 - u**4/24 - u**3/6 + 2*u**2. What is b(d)?
7
Let g(q) = -q - 6. Let t be ((-13)/39)/((-2)/(-30)). Calculate g(t).
-1
Let z(c) = c**2 + 6*c - 2. Let w be 0/(-7) + (-8 - -1). Calculate z(w).
5
Let x(r) = r**3 - r**2 - 5*r. Let g(p) be the third derivative of -p**5/60 + p**4/24 + p**3/6 + 2*p**2. Let d(q) = -2*g(q) - x(q). Calculate d(4).
-6
Let k(w) = w. Let q(z) = 6*z - 1. Let m(f) = 5*k(f) + q(f). What is m(-1)?
-12
Let o(b) be the first derivative of -b**3/3 + 2*b**2 + 3*b + 10. Determine o(4).
3
Let a(r) = -r**2 - 9*r. Let k(q) = -2*q**2 - 18*q - 1. Let v(s) = -5*a(s) + 3*k(s). Determine v(-6).
15
Let y(d) = d**2 - 5*d + 6. Suppose -3*a = -15, -5*w + 9 = -2*a - 1. Determine y(w).
2
Suppose -3*w + 3*r = -0*r - 24, 32 = 5*w - 3*r. Let q(k) = -7 - k + 2 - w + 5. Give q(-6).
2
Let x(i) = -7*i - 3 + i**2 + 3 + 2. Let d be x(7). Let y(s) = -4 + s - s + d*s + s**3 - 4*s**2. Determine y(4).
4
Let v(f) = -5*f - 1. Let d(n) = 10*n + 2. Let h(l) = 6*d(l) + 11*v(l). Suppose 3 = -4*j + q - 0*q, -9 = -4*j - 3*q. Let o = -1 - j. Calculate h(o).
-4
Let h(c) = 2 + 4*c**3 - 9 - 3*c**3 - 3*c**2 - 3*c**2. Calculate h(6).
-7
Let c(r) = 3*r. Let m(y) = -y**3 + 5*y**2 + y - 3. Let b be m(5). What is c(b)?
6
Let f(y) be the third derivative of -1/60*y**5 + 0*y + 1/120*y**6 + 0 + 1/24*y**4 - 3*y**2 + 1/6*y**3. Let d be (4 - 2)*2/(-4). Calculate f(d).
-2
Suppos